 4*s**2 + 1. Let v = 11 - 12. What is the remainder when f is divided by a(v)?
4
Suppose m + 4*k + 14 - 6 = 0, 2*k = 3*m - 4. Calculate the remainder when (-14)/7 - (m - 28) is divided by 9.
8
Let x = -1 - 0. Let g = -68 + 49. Let y = x - g. Calculate the remainder when y is divided by 10.
8
Suppose -4*s - 5*v + 5 = 41, 3*v + 12 = 0. Calculate the remainder when -2*s/(16/30) is divided by 6.
3
Let i(x) be the second derivative of -x**4/12 + x**3 + 4*x**2 - x. Let j be i(6). Suppose -190 = -j*p + 3*p. What is the remainder when p is divided by 13?
12
Let z(t) = t**2 + t + 4. Calculate the remainder when 65 is divided by z(-3).
5
What is the remainder when 36 is divided by (-4)/(-12) + 38/3?
10
Let y(p) = p**2 + 5*p - 5. Let z(t) = 3*t + 12. Let x be z(-7). Calculate the remainder when y(x) is divided by 11.
9
Let h be (4/(-10))/(13/(-390)). What is the remainder when 6 is divided by ((-16)/h)/(6/(-9))?
0
Suppose -b - 5*c + 18 = -0, 5*b - 61 = 4*c. What is the remainder when b is divided by 5?
3
Let j = 65 + 14. Calculate the remainder when j is divided by 20.
19
Suppose -58 = 11*i - 13*i. Suppose 0 = -x + 4*g + 5, 4*x - 27 = -2*g + i. Calculate the remainder when x is divided by 7.
6
Let f be ((-54)/(-45))/(4/50). Suppose 5*z = -2*l + 68 - f, -z - 51 = -4*l. Calculate the remainder when 27 is divided by l.
13
Let a = 6 + -3. Suppose 2*f = -2*u, 2*f + 25 = -a*f. Calculate the remainder when 13 is divided by u.
3
Let i(t) = 9*t**2 - t + 1. Let r be i(1). Suppose q - 5 = r. Calculate the remainder when 26 is divided by q.
12
Let x = 28 - 9. Suppose -3*l + x = -2*l. Calculate the remainder when l is divided by 11.
8
Suppose -3*r = -25 + 7. What is the remainder when 49 is divided by 38/3 + 2/r?
10
Let w(o) = 3*o + 6. Let j(m) = 3*m**2 + m. Suppose 0 = -r + 3*r - 4. Calculate the remainder when w(7) is divided by j(r).
13
Suppose 5*f - 184 = 126. Calculate the remainder when f is divided by 32.
30
Suppose 0*m + 11 = -m. Let l = m + 48. Suppose 2*w - d - 30 = 0, 5*d + 9 = -11. Calculate the remainder when l is divided by w.
11
What is the remainder when 75 is divided by 22/(-3)*-3 + -3?
18
Suppose 4*d + 5*j - 184 = 0, -120 + 9 = -3*d + 3*j. What is the remainder when d is divided by 16?
9
Let z(n) = -n**3 + 4*n**2 + 2*n - 2. What is the remainder when 28 is divided by z(4)?
4
Let n = -179 - -193. Let t(r) = 3*r**3 + r**2 - 1. What is the remainder when t(2) is divided by n?
13
Suppose g + 4 = 2, 0 = -5*d - 4*g + 57. What is the remainder when 50 is divided by d?
11
Let l(b) = 3*b - 7. Let x be l(-3). Let p = x + 26. Calculate the remainder when 39 is divided by p.
9
Let r(j) be the third derivative of -j**6/120 - 2*j**5/15 + j**4/4 + j**3/3 + j**2. What is the remainder when r(-9) is divided by 8?
5
Suppose 6*r - 202 = -34. Let l(q) = -q**2 - 7*q - 2. What is the remainder when r is divided by l(-3)?
8
Suppose -2*v - p + 14 + 8 = 0, -5*v + 45 = 5*p. Calculate the remainder when 38 is divided by v.
12
What is the remainder when (-4 - -7 - 4) + 62 is divided by 8?
5
Suppose 3*o - 20 - 106 = 0. Let v be 138/o - 4/14. Calculate the remainder when 13 is divided by 6 + (0 - (2 - v)).
6
Let d be (3/6)/((-3)/(-36)). Let u = 0 + d. What is the remainder when (17/(-4))/(2/(-8)) is divided by u?
5
Suppose 0 = -5*k + 18 - 3. What is the remainder when 13 is divided by k?
1
Let w(k) = 2*k**2 - 4*k - 42. What is the remainder when (-662)/(-6) + (-6)/(-9) is divided by w(-5)?
27
Let d = -2 - -3. Let p = 14 - 13. What is the remainder when p is divided by d?
0
Let s = 18 + -6. What is the remainder when 45 is divided by s?
9
Let r(m) = -m. Let t be r(2). Let g = t + 23. Let o = 11 + 0. What is the remainder when g is divided by o?
10
What is the remainder when (-102)/(-8) - (-45)/36 is divided by 11?
3
Let i = 0 + -1. Calculate the remainder when 4 is divided by 0*i/(-3) + 2.
0
Suppose 5*l = 7*l - 22. What is the remainder when 19 is divided by l?
8
Let r(n) = -n**2 + 8*n + 3. What is the remainder when 60 is divided by r(3)?
6
Let i = -75 + 78. What is the remainder when 6 is divided by i?
0
Let m = 10 - -9. Suppose r + 31 = 4*t + t, 0 = -4*t - 5*r + m. Suppose 2*h + t*q = q + 31, -29 = -3*h - 4*q. Calculate the remainder when 8 is divided by h.
2
Let a = 15 - 9. Let m = 1 + -1. Suppose m = 2*x - 24 - 10. What is the remainder when x is divided by a?
5
Let k be (3 + -1 - 3) + -7. Let d be (-40)/3*1*-3. Let g = d - k. Calculate the remainder when g is divided by 25.
23
Let d = -14 + 5. Let q = 5 - d. What is the remainder when 39 is divided by q?
11
Suppose 20*f - 17*f + 2*l = 76, 5*l - 25 = 0. Calculate the remainder when 1194/14 - (-2)/(-7) is divided by f.
19
Suppose -t + 4 = t. Suppose t*w = w + 5. What is the remainder when 9 is divided by w?
4
Suppose -j + 3*g + 5 = 17, 4*j - 2*g - 2 = 0. Suppose -j*a = -7*a + 52. What is the remainder when 0 + (-1)/1 + 39 is divided by a?
12
Let r = 10 + -5. Let q = 39 - r. Let x = -31 - -49. Calculate the remainder when q is divided by x.
16
Suppose 24*q + 153 = 21*q. Let b = -10 - q. Calculate the remainder when b is divided by (8/(-6))/((-2)/21).
13
Let r(z) = -27*z - 10. What is the remainder when 262 is divided by r(-2)?
42
Let g(i) = -10*i**3 - i**2 - 2*i - 1. Let b be g(-1). Let v(n) = -n**3 + 9*n**2 + 10*n + 13. Calculate the remainder when 51 is divided by v(b).
12
Let k = 89 + -19. Calculate the remainder when k is divided by 12.
10
Suppose -3*t + 14 = -t. What is the remainder when 11 is divided by t?
4
Suppose 0 = r - 3 - 1. Suppose -3*u + 12 = -0*u, r*c - 60 = -4*u. What is the remainder when c is divided by 5?
1
Let a(q) = -18*q**3 + q. Let k = 0 + -3. Let i = 30 - k. What is the remainder when i is divided by a(-1)?
16
Suppose 0 = 3*s + 2*s - 45. Let p(m) = 4*m + 40. Calculate the remainder when p(-6) is divided by s.
7
Let n = 2 - -16. What is the remainder when n is divided by 7?
4
Suppose 7 + 4 = o. Suppose 3*p - 135 + 1530 = 0. Calculate the remainder when (-2)/(-5) + p/(-25) is divided by o.
8
What is the remainder when 28 is divided by (-53)/(-5) + (-9)/15?
8
Calculate the remainder when 64 is divided by (52/(-6))/(-3*(-6)/(-54)).
12
Suppose 0*h + h + 2 = 0. Let o = 4 + h. Suppose -k + 23 - o = 0. Calculate the remainder when k is divided by 11.
10
Suppose 5*d + 102 = 7*d. Suppose -d = 3*s - 6*s. Calculate the remainder when s is divided by 5.
2
Let r = 7 + -2. Let p be 3/(1 - (-12)/(-8)). Let y = r - p. Calculate the remainder when 32 is divided by y.
10
Let q(s) = -2*s**3 - 6*s**2 - 2*s + 1. Let g be (3/(-2))/((-18)/(-120)). Calculate the remainder when q(-4) is divided by (-3)/5 - 146/g.
13
What is the remainder when 238 is divided by 4*(-4)/(-48)*183 + -1?
58
Suppose 18 = -2*h - j, h + 2*j = 7*j + 13. Let a(l) = l**2 + l - 5. Suppose 2*d + 6 = 0, -5*y = 2*d - 19 - 40. What is the remainder when a(h) is divided by y?
11
Suppose 3*o = 23 + 16. Let j = 16 + o. Calculate the remainder when j is divided by 10.
9
Suppose -2 = -3*g + 4. Let x be -1 + 2 + 1 + g. What is the remainder when 2/4 - (-162)/x is divided by 14?
13
Suppose -3*i = -2*u - 2*u + 44, -2*u + 4*i = -32. Suppose -6*k = -k - 115. What is the remainder when k is divided by u?
7
Suppose 3*a - 28 = -d, 5*a + 2*d - d = 46. Let v = -2 + 18. What is the remainder when v is divided by a?
7
Suppose -v = 4*y - 52, 5*v = 5*y - 9*y + 180. Calculate the remainder when v is divided by 7.
4
Let u = -7 - -5. Let c(p) = -p**3 + p**2 - 1. Let s be c(2). What is the remainder when u/s + (-1365)/(-25) is divided by 19?
17
Let z(x) = -x + 35. Let b be z(0). Suppose -135 = -4*c - b. Calculate the remainder when c is divided by (-3*(0 + -6))/2.
7
Suppose 2*u - 6*u = 64. Let h = u - -26. What is the remainder when 19 + 1*(4 - 5) is divided by h?
8
Let x = -2 - -19. What is the remainder when 32 is divided by x?
15
Suppose 4*l = l + 45. Suppose 0 = -4*x - 4, 2*x - 11 = -2*q - 3. Suppose -q*f + 45 = 5. What is the remainder when l is divided by f?
7
Let n(y) = -y**3 - 11*y**2 - 20*y - 2. What is the remainder when 77 is divided by n(-9)?
13
Let q = -104 - -115. Calculate the remainder when 26 is divided by q.
4
Let y(t) = t**3 + 4*t**2 - t + 1. Calculate the remainder when 51 is divided by y(-3).
12
Suppose 0 = -2*w + w - 2. Let i be w + (-2)/(4/(-18)). Suppose